{"id":29080,"date":"2020-07-03T06:36:37","date_gmt":"2020-07-03T09:36:37","guid":{"rendered":"http:\/\/pedrosodeoliveira.adv.br\/homolog\/?page_id=29080"},"modified":"2024-05-14T11:31:53","modified_gmt":"2024-05-14T14:31:53","slug":"links","status":"publish","type":"page","link":"https:\/\/pedrosodeoliveira.adv.br\/?page_id=29080","title":{"rendered":"Links"},"content":{"rendered":"<p>[et_pb_section fb_built=&#8221;1&#8243; custom_padding_last_edited=&#8221;on|desktop&#8221; admin_label=&#8221;Hero Section&#8221; module_id=&#8221;dotover&#8221; _builder_version=&#8221;4.4.8&#8243; background_image=&#8221;https:\/\/pedrosodeoliveira.adv.br\/wp-content\/uploads\/2020\/07\/header-internas-scaled.jpg&#8221; custom_padding_tablet=&#8221;50px|0|50px|0&#8243; custom_padding_phone=&#8221;&#8221; custom_css_after=&#8221;content: %22%22;||background: url(&#8216;https:\/\/www.infiniteimagination.com.au\/rhm\/wp-content\/uploads\/2016\/08\/mask.png&#8217;) repeat;||top: 0;||left: 0;||bottom: 0;||right: 0;||position: absolute;||z-index: 1;||&#8221; transparent_background=&#8221;off&#8221; padding_mobile=&#8221;off&#8221; make_fullwidth=&#8221;off&#8221; use_custom_width=&#8221;off&#8221; width_unit=&#8221;on&#8221; custom_width_px=&#8221;1080px&#8221; custom_width_percent=&#8221;80%&#8221; collapsed=&#8221;off&#8221;][et_pb_row padding_mobile=&#8221;off&#8221; column_padding_mobile=&#8221;on&#8221; admin_label=&#8221;Row&#8221; _builder_version=&#8221;3.25&#8243; background_size=&#8221;initial&#8221; background_position=&#8221;top_left&#8221; background_repeat=&#8221;repeat&#8221; custom_padding=&#8221;2%||2%|&#8221; make_fullwidth=&#8221;off&#8221; use_custom_width=&#8221;off&#8221; width_unit=&#8221;on&#8221; custom_width_px=&#8221;1080px&#8221; custom_width_percent=&#8221;80%&#8221;][et_pb_column type=&#8221;4_4&#8243; _builder_version=&#8221;3.25&#8243; custom_padding=&#8221;|||&#8221; custom_padding__hover=&#8221;|||&#8221;][et_pb_cta admin_label=&#8221;links&#8221; module_id=&#8221;toptext&#8221; _builder_version=&#8221;4.4.8&#8243; header_level=&#8221;h1&#8243; header_text_color=&#8221;#ffffff&#8221; header_font_size=&#8221;52&#8243; header_line_height=&#8221;1.4em&#8221; body_text_color=&#8221;#ffffff&#8221; body_font_size=&#8221;50&#8243; body_line_height=&#8221;1.5em&#8221; use_background_color=&#8221;off&#8221; background_size=&#8221;initial&#8221; background_position=&#8221;top_left&#8221; background_repeat=&#8221;repeat&#8221; header_font_size_tablet=&#8221;50&#8243; header_font_size_phone=&#8221;30&#8243; header_font_size_last_edited=&#8221;on|desktop&#8221; body_font_size_tablet=&#8221;&#8221; body_font_size_phone=&#8221;30&#8243; body_font_size_last_edited=&#8221;on|phone&#8221; custom_css_main_element=&#8221;position: relative; z-index: 10;&#8221; custom_css_promo_title=&#8221;font-weight: 800;||&#8221; use_border_color=&#8221;off&#8221; border_color=&#8221;#ffffff&#8221; border_width=&#8221;1px&#8221; border_style=&#8221;solid&#8221; button_letter_spacing_hover=&#8221;0&#8243; inline_fonts=&#8221;Open Sans&#8221; button_text_size__hover_enabled=&#8221;off&#8221; button_one_text_size__hover_enabled=&#8221;off&#8221; button_two_text_size__hover_enabled=&#8221;off&#8221; button_text_color__hover_enabled=&#8221;off&#8221; button_one_text_color__hover_enabled=&#8221;off&#8221; button_two_text_color__hover_enabled=&#8221;off&#8221; button_border_width__hover_enabled=&#8221;off&#8221; button_one_border_width__hover_enabled=&#8221;off&#8221; button_two_border_width__hover_enabled=&#8221;off&#8221; button_border_color__hover_enabled=&#8221;off&#8221; button_one_border_color__hover_enabled=&#8221;off&#8221; button_two_border_color__hover_enabled=&#8221;off&#8221; button_border_radius__hover_enabled=&#8221;off&#8221; button_one_border_radius__hover_enabled=&#8221;off&#8221; button_two_border_radius__hover_enabled=&#8221;off&#8221; button_letter_spacing__hover_enabled=&#8221;on&#8221; button_letter_spacing__hover=&#8221;0&#8243; button_one_letter_spacing__hover_enabled=&#8221;off&#8221; button_two_letter_spacing__hover_enabled=&#8221;off&#8221; button_bg_color__hover_enabled=&#8221;off&#8221; button_one_bg_color__hover_enabled=&#8221;off&#8221; button_two_bg_color__hover_enabled=&#8221;off&#8221;]<\/p>\n<p><span style=\"font-family: 'Open Sans';\">Links<\/span><\/p>\n<p>[\/et_pb_cta][\/et_pb_column][\/et_pb_row][\/et_pb_section][et_pb_section fb_built=&#8221;1&#8243; custom_padding_last_edited=&#8221;on|desktop&#8221; admin_label=&#8221;#22 Team&#8221; _builder_version=&#8221;3.22&#8243; custom_padding=&#8221;5px||18px|||&#8221; custom_padding_tablet=&#8221;50px|0|50px|0&#8243; custom_padding_phone=&#8221;1px|0|50px|0||&#8221; transparent_background=&#8221;off&#8221; padding_mobile=&#8221;off&#8221; make_fullwidth=&#8221;off&#8221; use_custom_width=&#8221;off&#8221; width_unit=&#8221;on&#8221; custom_width_px=&#8221;1080px&#8221; custom_width_percent=&#8221;80%&#8221; collapsed=&#8221;off&#8221;][et_pb_row column_structure=&#8221;1_2,1_2&#8243; column_padding_mobile=&#8221;on&#8221; admin_label=&#8221;row&#8221; _builder_version=&#8221;4.4.8&#8243; background_size=&#8221;initial&#8221; background_position=&#8221;top_left&#8221; background_repeat=&#8221;repeat&#8221; width=&#8221;100%&#8221; max_width=&#8221;100%&#8221; min_height=&#8221;838px&#8221; custom_margin=&#8221;4px|auto||auto||&#8221; custom_padding=&#8221;30px|55px||55px|false|true&#8221; make_fullwidth=&#8221;on&#8221; use_custom_width=&#8221;on&#8221; width_unit=&#8221;off&#8221; custom_width_px=&#8221;1080px&#8221; custom_width_percent=&#8221;100%&#8221;][et_pb_column type=&#8221;1_2&#8243; _builder_version=&#8221;3.25&#8243; custom_padding=&#8221;|||&#8221; custom_padding__hover=&#8221;|||&#8221;][et_pb_text _builder_version=&#8221;4.4.8&#8243; custom_padding=&#8221;||1px|2px||&#8221;]<\/p>\n<h2><strong>Poder Executivo <\/strong>(\u00f3rg\u00e3os)<\/h2>\n<p><a href=\"http:\/\/www.presidencia.gov.br\/\"><\/a><strong>Federal<\/strong><\/p>\n<p><a href=\"http:\/\/www.presidencia.gov.br\/\">Presid\u00eancia da Rep\u00fablica Federativa do Brasil<\/a><\/p>\n<p><a href=\"https:\/\/www.gov.br\/fazenda\/pt-br\">Minist\u00e9rio da Fazenda<\/a><\/p>\n<p><a href=\"http:\/\/www.cvm.gov.br\/\">Minist\u00e9rio da Fazenda &#8211; CVM &#8211; Comiss\u00e3o de Valores Mobili\u00e1rios<\/a><\/p>\n<p><a href=\"http:\/\/www.receita.fazenda.gov.br\/\">Minist\u00e9rio da Fazenda &#8211; Secretaria da Receita Federal<\/a><\/p>\n<p><a href=\"http:\/\/www.cade.gov.br\/\">Minist\u00e9rio da Justi\u00e7a &#8211; CADE &#8211; Conselho Administrativo de Defesa Econ\u00f4mica<\/a><\/p>\n<p><a href=\"https:\/\/www.gov.br\/pf\/pt-br\">Minist\u00e9rio da Justi\u00e7a &#8211; Pol\u00edcia Federal<\/a><\/p>\n<p><a href=\"http:\/\/www.ibge.gov.br\/home\/\">Minist\u00e9rio do Planejamento, Or\u00e7amento e Gest\u00e3o &#8211; IBGE<\/a><\/p>\n<p><a href=\"https:\/\/www.gov.br\/previdencia\/pt-br\">Minist\u00e9rio da Previd\u00eancia Social<\/a><\/p>\n<p><strong>Estadual<\/strong><\/p>\n<p><a href=\"http:\/\/www.parana.pr.gov.br\/\">Governo do Estado do Paran\u00e1<\/a><\/p>\n<p><a href=\"https:\/\/www.arinternet.pr.gov.br\/\">Secretaria da Fazenda &#8211; Paran\u00e1 (Ag\u00eancia de Rendas)<\/a><\/p>\n<p><a href=\"https:\/\/www.juntacomercial.pr.gov.br\/\">JUCEPAR &#8211; Junta Comercial do Paran\u00e1<\/a><\/p>\n<p><strong>Municipal<\/strong><\/p>\n<p><a href=\"http:\/\/www.curitiba.pr.gov.br\/\">Prefeitura Municipal de Curitiba<\/a><\/p>\n<p><a href=\"http:\/\/www.urbs.curitiba.pr.gov.br\/PORTAL\/index.php\">Prefeitura Municipal de Curitiba &#8211; URBS &#8211; Urbaniza\u00e7\u00e3o de Curitiba<\/a><\/p>\n<p>&nbsp;<\/p>\n<p><a href=\"applewebdata:\/\/58BFB26D-96A2-4BC0-B830-530E32222E48\/JUCEPAR%20-%20Junta%20Comercial%20do%20Paran%C3%A1\"><\/a><\/p>\n<h2><strong>Poder Judici\u00e1rio <\/strong>(\u00f3rg\u00e3os)<span style=\"font-size: 14px; color: #666666;\">\u00a0<\/span><\/h2>\n<p><a href=\"http:\/\/www.cnj.jus.br\/\">CNJ &#8211; Conselho Nacional de Justi\u00e7a<\/a><\/p>\n<p><a href=\"https:\/\/portal.stf.jus.br\/\">STF &#8211; Supremo Tribunal Federal<\/a><\/p>\n<p><a href=\"https:\/\/www.stj.jus.br\/sites\/portalp\/Inicio\">STJ &#8211; Superior Tribunal de Justi\u00e7a<\/a><\/p>\n<p><a href=\"https:\/\/www.tse.jus.br\/#\/\">TSE &#8211; Tribunal Superior Eleitoral<\/a><\/p>\n<p><a href=\"http:\/\/www.tst.jus.br\/\">TST &#8211; Tribunal Superior do Trabalho<\/a><\/p>\n<p><a href=\"https:\/\/www.cjf.jus.br\/cjf\/\">Justi\u00e7a Federal &#8211; Conselho da Justi\u00e7a Federal<\/a><\/p>\n<p><a href=\"https:\/\/www.trf1.jus.br\/trf1\/home\/\">TRF1 &#8211; Tribunal Regional Federal da 1\u00aa Regi\u00e3o<\/a><\/p>\n<p><a href=\"https:\/\/www10.trf2.jus.br\/portal\/\">TRF2 &#8211; Tribunal Regional Federal da 2\u00aa Regi\u00e3o<\/a><\/p>\n<p><u>T<\/u><a href=\"http:\/\/www.trf3.jus.br\/\">RF3 &#8211; Tribunal Regional Federal da 3\u00aa Regi\u00e3<\/a><u>o<\/u><\/p>\n<p><a href=\"https:\/\/www.trf4.jus.br\/trf4\/controlador.php?acao=principal&amp;\">TRF4 &#8211; Tribunal Regional Federal da 4\u00aa Regi\u00e3o<\/a><\/p>\n<p><a href=\"https:\/\/www.trf5.jus.br\/\">TRF5 &#8211; Tribunal Regional Federal da 5\u00aa Regi\u00e3o<\/a><\/p>\n<p><a href=\"http:\/\/www.tjpr.jus.br\/\">TJ-PR &#8211; Tribunal de Justi\u00e7a do Paran\u00e1<\/a><\/p>\n<p><a href=\"http:\/\/www.trt9.jus.br\">TRT 9\u00aa &#8211; Tribunal Regional do Trabalho da 9\u00aa Regi\u00e3o (Paran\u00e1)<\/a><\/p>\n<p><a href=\"https:\/\/www.trf5.jus.br\/\"><\/a><\/p>\n<p>[\/et_pb_text][\/et_pb_column][et_pb_column type=&#8221;1_2&#8243; _builder_version=&#8221;3.25&#8243; custom_padding=&#8221;|||&#8221; custom_padding__hover=&#8221;|||&#8221;][et_pb_text _builder_version=&#8221;4.4.8&#8243; custom_padding=&#8221;0px|155px|1px|1px||&#8221;]<\/p>\n<h2><strong>Poder Legislativo <\/strong>(\u00f3rg\u00e3os)<span style=\"font-size: 14px; color: #666666;\">\u00a0<\/span><\/h2>\n<p><a href=\"http:\/\/www.senado.gov.br\/\">Senado Federal<\/a><\/p>\n<p><a href=\"http:\/\/www.camara.gov.br\/\">C\u00e2mara dos Deputados<\/a><\/p>\n<p><a href=\"http:\/\/www.alep.pr.gov.br\/\">Assembl\u00e9ia Legislativa do Paran\u00e1<\/a><\/p>\n<p><a href=\"http:\/\/www.cmc.pr.gov.br\/\">C\u00e2mara Municipal de Curitiba<\/a><\/p>\n<p>&nbsp;<\/p>\n<h2><strong>Consulta a processos <\/strong>(consulte seu processo nesses sites)<\/h2>\n<p><a href=\"http:\/\/www.tjpr.jus.br\/consulta-processual\" style=\"font-size: 14px;\"><\/a><\/p>\n<p><a href=\"https:\/\/portal.stf.jus.br\/processos\/\">STF<\/a><\/p>\n<p><a href=\"https:\/\/www.stj.jus.br\/sites\/portalp\/Processos\/Consulta-Processual\">STJ<\/a><\/p>\n<p><a href=\"http:\/\/www.tjpr.jus.br\/consulta-processual\">TJ-PR<\/a><\/p>\n<p><a href=\"https:\/\/pje.trt9.jus.br\/consultaprocessual\/\">TRT 9\u00aa Regi\u00e3o (Paran\u00e1)<\/a><\/p>\n<p><a href=\"http:\/\/www.tjpr.jus.br\/consulta-processual\" style=\"font-size: 14px;\"><\/a><span style=\"font-size: 14px;\">\u00a0<\/span><\/p>\n<h2><strong>Outros Links<\/strong><\/h2>\n<p><a href=\"http:\/\/www.oab.org.br\/\">OAB<\/a><\/p>\n<p><a href=\"https:\/\/www.oabpr.org.br\/\">OAB &#8211; Paran\u00e1<\/a><\/p>\n<p><a href=\"http:\/\/www.tcu.gov.br\/\">TCU &#8211; Tribunal de Contas da Uni\u00e3o<\/a><\/p>\n<p><a href=\"http:\/\/www.tce.pr.gov.br\">TCE &#8211; Tribunal de Contas do Estado do Paran\u00e1<\/a><\/p>\n<p>[\/et_pb_text][\/et_pb_column][\/et_pb_row][\/et_pb_section]<\/p>\n","protected":false},"excerpt":{"rendered":"<p>[et_pb_section fb_built=&#8221;1&#8243; custom_padding_last_edited=&#8221;on|desktop&#8221; admin_label=&#8221;Hero Section&#8221; module_id=&#8221;dotover&#8221; _builder_version=&#8221;4.4.8&#8243; background_image=&#8221;https:\/\/pedrosodeoliveira.adv.br\/wp-content\/uploads\/2020\/07\/header-internas-scaled.jpg&#8221; custom_padding_tablet=&#8221;50px|0|50px|0&#8243; custom_padding_phone=&#8221;&#8221; custom_css_after=&#8221;content: %22%22;||background: url(&#8216;https:\/\/www.infiniteimagination.com.au\/rhm\/wp-content\/uploads\/2016\/08\/mask.png&#8217;) repeat;||top: 0;||left: 0;||bottom: 0;||right: 0;||position: absolute;||z-index: 1;||&#8221; transparent_background=&#8221;off&#8221; padding_mobile=&#8221;off&#8221; make_fullwidth=&#8221;off&#8221; use_custom_width=&#8221;off&#8221; width_unit=&#8221;on&#8221; custom_width_px=&#8221;1080px&#8221; custom_width_percent=&#8221;80%&#8221; collapsed=&#8221;off&#8221;][et_pb_row padding_mobile=&#8221;off&#8221; column_padding_mobile=&#8221;on&#8221; admin_label=&#8221;Row&#8221; _builder_version=&#8221;3.25&#8243; background_size=&#8221;initial&#8221; background_position=&#8221;top_left&#8221; background_repeat=&#8221;repeat&#8221; custom_padding=&#8221;2%||2%|&#8221; make_fullwidth=&#8221;off&#8221; use_custom_width=&#8221;off&#8221; width_unit=&#8221;on&#8221; custom_width_px=&#8221;1080px&#8221; custom_width_percent=&#8221;80%&#8221;][et_pb_column type=&#8221;4_4&#8243; _builder_version=&#8221;3.25&#8243; custom_padding=&#8221;|||&#8221; custom_padding__hover=&#8221;|||&#8221;][et_pb_cta admin_label=&#8221;links&#8221; module_id=&#8221;toptext&#8221; _builder_version=&#8221;4.4.8&#8243; header_level=&#8221;h1&#8243; header_text_color=&#8221;#ffffff&#8221; header_font_size=&#8221;52&#8243; header_line_height=&#8221;1.4em&#8221; body_text_color=&#8221;#ffffff&#8221; body_font_size=&#8221;50&#8243; body_line_height=&#8221;1.5em&#8221; [&hellip;]<\/p>\n","protected":false},"author":1,"featured_media":0,"parent":0,"menu_order":0,"comment_status":"closed","ping_status":"closed","template":"","meta":{"_et_pb_use_builder":"on","_et_pb_old_content":"<h2>Poder Executivo (\u00f3rg\u00e3os)<\/h2><p><a href=\"http:\/\/www.presidencia.gov.br\/\">Presid\u00eancia da Rep\u00fablica Federativa do Brasil<\/a><\/p><p><a href=\"https:\/\/www.gov.br\/fazenda\/pt-br\">Minist\u00e9rio da Economia - Fazenda<\/a><\/p><p><a href=\"http:\/\/receita.economia.gov.br\/\">Minist\u00e9rio da Economia - Receita Federal<\/a><\/p><p><a href=\"applewebdata:\/\/58BFB26D-96A2-4BC0-B830-530E32222E48\/Minist%C3%A9rio%20da%20Econmia%20-%20Previd%C3%AAncia%20Social\">Minist\u00e9rio da Economia - Previd\u00eancia Social<\/a><\/p><p><a href=\"http:\/\/www.cade.gov.br\/\">Minist\u00e9rio da Justi\u00e7a - CADE - Conselho Administrativo de Defesa Econ\u00f4mica<\/a><\/p><p><a href=\"http:\/\/www.dpf.gov.br\/\">Minist\u00e9rio da Justi\u00e7a - Pol\u00edcia Federal<\/a><\/p><p><a href=\"http:\/\/www.parana.pr.gov.br\/\">Governo do Estado do Paran\u00e1<\/a><\/p><p><a href=\"https:\/\/www.arinternet.pr.gov.br\/\">Secretaria da Fazenda - Paran\u00e1 (Ag\u00eancia de Rendas)<\/a><\/p><p><a href=\"applewebdata:\/\/58BFB26D-96A2-4BC0-B830-530E32222E48\/JUCEPAR%20-%20Junta%20Comercial%20do%20Paran%C3%A1\">JUCEPAR - Junta Comercial do Paran\u00e1<\/a><\/p><p><a href=\"http:\/\/www.curitiba.pr.gov.br\/\">Prefeitura Municipal de Curitiba<\/a><\/p><p><a href=\"http:\/\/www.urbs.curitiba.pr.gov.br\/PORTAL\/index.php\">Prefeitura Municipal de Curitiba - URBS - Urbaniza\u00e7\u00e3o de Curitiba<\/a><\/p><p>\u00a0<\/p><h2>Poder Judici\u00e1rio (\u00f3rg\u00e3os)<\/h2><p><a href=\"http:\/\/www.cnj.jus.br\/\">CNJ - Conselho Nacional de Justi\u00e7a<\/a><\/p><p><a href=\"http:\/\/www.stf.gov.br\/\">STF - Supremo Tribunal Federal<\/a><\/p><p><a href=\"applewebdata:\/\/58BFB26D-96A2-4BC0-B830-530E32222E48\/STJ%20-%20Superior%20Tribunal%20de%20Justi%C3%A7a\">STJ - Superior Tribunal de Justi\u00e7a<\/a><\/p><p><a href=\"http:\/\/www.tse.gov.br\/\">TSE - Tribunal Superior Eleitoral<\/a><\/p><p><a href=\"http:\/\/www.tst.jus.br\/\">TST - Tribunal Superior do Trabalho<\/a><\/p><p><a href=\"applewebdata:\/\/58BFB26D-96A2-4BC0-B830-530E32222E48\/Justi%C3%A7a%20Federal\">Justi\u00e7a Federal<\/a><\/p><p><a href=\"applewebdata:\/\/58BFB26D-96A2-4BC0-B830-530E32222E48\/Justi%C3%A7a%20Federal%20-%20Se%C3%A7%C3%A3o%20Paran%C3%A1\">Justi\u00e7a Federal - Se\u00e7\u00e3o Paran\u00e1<\/a><\/p><p><a href=\"applewebdata:\/\/58BFB26D-96A2-4BC0-B830-530E32222E48\/TRF1%20-%20Tribunal%20Regional%20Federal%20da%201%C2%AA%20Regi%C3%A3o\">TRF1 - Tribunal Regional Federal da 1\u00aa Regi\u00e3o<\/a><\/p><p><a href=\"http:\/\/www.trf2.jus.br\/Paginas\/paginainicial.aspx?js=1\">TRF2 - Tribunal Regional Federal da 2\u00aa Regi\u00e3<\/a>o<\/p><p>T<a href=\"http:\/\/www.trf3.jus.br\/\">RF3 - Tribunal Regional Federal da 3\u00aa Regi\u00e3<\/a>o<\/p><p><a href=\"applewebdata:\/\/58BFB26D-96A2-4BC0-B830-530E32222E48\/TRF4%20-%20Tribunal%20Regional%20Federal%20da%204%C2%AA%20Regi%C3%A3o\">TRF4 - Tribunal Regional Federal da 4\u00aa Regi\u00e3o<\/a><\/p><p><a href=\"https:\/\/www.jfpr.jus.br\/\">TRF4 - Tribunal Regional Federal da 4\u00aa Regi\u00e3o - Se\u00e7\u00e3o Judici\u00e1ria do Paran\u00e1<\/a><\/p><p><a href=\"https:\/\/www.trf4.jus.br\/trf4\/controlador.php?acao=pagina_visualizar&id_pagina=840\">TRF4 - Tribunal Regional Federal da 4\u00aa Regi\u00e3o - Juizados Especiais Federais de Curitiba<\/a><\/p><p><a href=\"https:\/\/www.trf5.jus.br\/\">TRF5 - Tribunal Regional Federal da 5\u00aa Regi\u00e3o<\/a><\/p><p><a href=\"https:\/\/www.tjpr.jus.br\/corregedoria\">Corregedoria Geral da Justi\u00e7a - Paran\u00e1<\/a><\/p><p><a href=\"http:\/\/www.tjpr.jus.br\/\">TJ-PR - Tribunal de Justi\u00e7a do Paran\u00e1<\/a><\/p><p><a href=\"https:\/\/www.tjpr.jus.br\/juizado-especial\">TJ-PR - Tribunal de Justi\u00e7a do Paran\u00e1 - Juizados Especiais<\/a><\/p><p><a href=\"http:\/\/www.trt9.jus.br\/\">TRT 9\u00aa - Tribunal Regional do Trabalho da 9\u00aa Regi\u00e3o (Paran\u00e1)<\/a><\/p><p>\u00a0<\/p><h2>Poder Legislativo (\u00f3rg\u00e3os)<\/h2><p><a href=\"http:\/\/www.senado.gov.br\/\">Senado Federal<\/a><\/p><p><a href=\"http:\/\/www.camara.gov.br\/\">C\u00e2mara dos Deputados<\/a><\/p><p><a href=\"http:\/\/www.alep.pr.gov.br\/\">Assembl\u00e9ia Legislativa do Paran\u00e1<\/a><\/p><p><a href=\"http:\/\/www.cmc.pr.gov.br\/\">C\u00e2mara Municipal de Curitiba<\/a><\/p><p>\u00a0<\/p><h2>Consulta a processos (consulte seu processo nesses sites)<\/h2><p><a href=\"http:\/\/www.stf.jus.br\/portal\/processo\/pesquisarProcesso.asp\">STF<\/a><\/p><p><a href=\"http:\/\/www.stj.jus.br\/webstj\/Processo\/Justica\/\">STJ<\/a><\/p><p><a href=\"http:\/\/www.tjpr.jus.br\/consulta-processual\">TJ-PR<\/a><\/p><p><a href=\"https:\/\/www.tjpr.jus.br\/juizado-especial\">TJ-PR - Juizados Especiais<\/a><\/p><p><a href=\"https:\/\/www.tjpr.jus.br\/home?p_p_id=101&p_p_lifecycle=0&p_p_state=maximized&p_p_mode=view&_101_struts_action=%2Fasset_publisher%2Fview_content&_101_returnToFullPageURL=%2F%3F_3_keywords%3D%E5%A4%A7%E5%A5%96%E5%A8%B1%E4%B9%90%E5%90%88%E6%B3%95%E5%90%97+Q82019309.com.com&_101_assetEntryId=237238&_101_type=bookmark\">ASSEJEPAR<\/a><\/p><p><a href=\"https:\/\/www.trt9.jus.br\/portal\/pagina.xhtml?secao=46&pagina=INICIAL\">TRT 9\u00aa Regi\u00e3o (Paran\u00e1)<\/a><\/p><p>\u00a0<\/p><h2>Outros Links<\/h2><p><a href=\"https:\/\/www.oab.org.br\/\">OAB<\/a><\/p><p><a href=\"https:\/\/www.oabpr.org.br\/\">OAB - Paran\u00e1<\/a><\/p><p><a href=\"http:\/\/www.tcu.gov.br\/\">TCU - Tribunal de Contas da Uni\u00e3o<\/a><\/p><p><a href=\"http:\/\/www.tce.pr.gov.br\/\">TCE - Tribunal de Contas do Estado do Paran\u00e1<\/a><\/p><p>\u00a0<\/p><p>\u00a0<\/p><p>\u00a0<\/p>","_et_gb_content_width":"","footnotes":""},"_links":{"self":[{"href":"https:\/\/pedrosodeoliveira.adv.br\/index.php?rest_route=\/wp\/v2\/pages\/29080"}],"collection":[{"href":"https:\/\/pedrosodeoliveira.adv.br\/index.php?rest_route=\/wp\/v2\/pages"}],"about":[{"href":"https:\/\/pedrosodeoliveira.adv.br\/index.php?rest_route=\/wp\/v2\/types\/page"}],"author":[{"embeddable":true,"href":"https:\/\/pedrosodeoliveira.adv.br\/index.php?rest_route=\/wp\/v2\/users\/1"}],"replies":[{"embeddable":true,"href":"https:\/\/pedrosodeoliveira.adv.br\/index.php?rest_route=%2Fwp%2Fv2%2Fcomments&post=29080"}],"version-history":[{"count":16,"href":"https:\/\/pedrosodeoliveira.adv.br\/index.php?rest_route=\/wp\/v2\/pages\/29080\/revisions"}],"predecessor-version":[{"id":29349,"href":"https:\/\/pedrosodeoliveira.adv.br\/index.php?rest_route=\/wp\/v2\/pages\/29080\/revisions\/29349"}],"wp:attachment":[{"href":"https:\/\/pedrosodeoliveira.adv.br\/index.php?rest_route=%2Fwp%2Fv2%2Fmedia&parent=29080"}],"curies":[{"name":"wp","href":"https:\/\/api.w.org\/{rel}","templated":true}]}}